 are the prime factors of z?
11
Let i(y) = -3*y**2 + y**3 - 8*y + 3*y**2 - 4 + 4*y**2. Let a be -2*3/(-3) + -7. What are the prime factors of i(a)?
11
Let j be 5/(20/(-24) + 1). Let m = j - 8. List the prime factors of m.
2, 11
Suppose -3*t + 0*t + 150 = 0. What are the prime factors of t?
2, 5
List the prime factors of (-19)/(18/(-4) - -4).
2, 19
Let h(l) = -l**3 + 6*l**2 - 8*l - 10. List the prime factors of h(-5).
5, 61
Let y(s) be the third derivative of s**8/20160 + s**6/40 + s**5/60 + 3*s**2. Let w(z) be the third derivative of y(z). What are the prime factors of w(0)?
2, 3
Let y(k) = -k**3 + 6*k**2 + 12*k - 13. List the prime factors of y(7).
2, 11
Let l(v) = v**2 + v + 4. Let h be l(-3). Suppose h = 5*a - 4*a. List the prime factors of a.
2, 5
Let b be 9/(-2)*4/(-6). Suppose 5*s - 28 = b*s. Let t = s + -6. What are the prime factors of t?
2
Suppose 0 = -3*s + 163 + 236. What are the prime factors of s?
7, 19
Let h be (-86)/(-8) + (-1)/(-4). Let s be (-1)/(-2 + 0 + 1). Let i = h + s. What are the prime factors of i?
2, 3
Let k be (1/(-3))/(2/(-12)). Suppose -16 = -r - h, -k*r - 3*h - 32 = -3*r. List the prime factors of r.
2, 5
Let m(p) = -p**2 - 2*p + 8. Let o be m(-6). Let u(n) = n**2 + 4*n - 6. Let h be u(-8). Let j = o + h. What are the prime factors of j?
2, 5
Suppose 6*a - 3*a - 144 = 0. List the prime factors of a.
2, 3
Let i be (0 - (-5 + -1)) + -3. Suppose -u - u - w + 47 = 0, -5*w - 103 = -i*u. What are the prime factors of u?
2, 13
Let g be (3 + (-28)/6)*-3. Let u = g + 3. Suppose 0*r - 2*r = k - 4, 0 = -2*r + k + u. List the prime factors of r.
3
Let m = -15 + 158. What are the prime factors of m?
11, 13
List the prime factors of (4 - 70/(-25))/(1/25).
2, 5, 17
Let r be 1/1*8/2. Suppose r*y = 6*y - 8. What are the prime factors of y?
2
Let a(u) = -5*u - 8. Let o be (-6 - 6) + 1 + 1. What are the prime factors of a(o)?
2, 3, 7
Let o(v) = v**3 - 7*v**2 + v - 4. Let s be o(7). Suppose 10 + 14 = s*j. What are the prime factors of j?
2
Let g(y) = -y + 39. Let k be g(0). Let r = k + -16. List the prime factors of r.
23
Suppose -530 = -2*b - 3*b. What are the prime factors of b?
2, 53
Suppose 2*t - t = 5. Let m be (-90)/(-25) + 2/t. Suppose -4*v = 2*f - 25 - 15, -m*f = -v + 19. What are the prime factors of v?
11
Suppose -4*a = -g + 2*g - 124, g - 92 = -3*a. Suppose -2*v + 6*v = a. List the prime factors of v.
2
Suppose 4*x - 3*x - 85 = 3*q, 0 = 4*x - 5*q - 333. List the prime factors of x.
2, 41
Let q = -15 + 27. List the prime factors of (2 - -1 - 2) + q.
13
Suppose -z - 296 = -4*f, z + 169 = 2*f + 23. List the prime factors of f.
3, 5
Let b(s) = -s - 2. Let r be b(-2). Suppose r*n + o = 4*n - 17, -o = -3*n + 12. Suppose 0 = a + n*q + 23, 2*a - 5*q - 14 = 15. What are the prime factors of a?
2
Let q(r) = r**3 - r**2 - r - 6. Let h(k) = k**2 - 5*k - 6. Let n be h(6). Let p be q(n). List the prime factors of p*1*(-4)/4.
2, 3
Let f = -94 - -174. List the prime factors of f.
2, 5
Suppose 35 - 233 = -6*s. What are the prime factors of s?
3, 11
What are the prime factors of (0 + (24/15)/(-4))*-35?
2, 7
Let h be -3 + -12 + 6/2. Let r be ((-6)/4)/((-9)/h). What are the prime factors of r*14*4/(-8)?
2, 7
Let x = 112 - 72. List the prime factors of x.
2, 5
Suppose 20 = -5*v - 5*b, 4*v - 2*v + 4*b = -14. Let n = 2 - v. List the prime factors of n.
3
Let u = -7 - -9. What are the prime factors of u?
2
Suppose 0 = s - 2*a - 2, -4*s = -5*a - 0*a - 11. Suppose 3*f = 2*t + 36 + 49, -s*f - t = -106. List the prime factors of f.
3
Let k be 3 + (1 - 2) + 0. Suppose d + 5*x = -18, -4*x - 22 = -d - k*d. Suppose 4*h - 8 = -3*y, 3*h - d*h + y - 2 = 0. List the prime factors of h.
2
Let d(f) be the third derivative of f**4/12 + f**3/6 + f**2. Let x be d(2). Suppose -4*z - 15 = -5*v + z, x*z = v - 7. What are the prime factors of v?
2
Suppose 4*y + 0*o - o - 1182 = 0, 594 = 2*y - 2*o. What are the prime factors of y?
5, 59
Let u = -5 + 9. Suppose l = 5*w - 8, -2*w = 2*w - u*l. Suppose 7 = 2*s + d, 4*d + d - 11 = -w*s. What are the prime factors of s?
3
Let d = 41 + -3. What are the prime factors of d?
2, 19
Let l = 150 + -66. What are the prime factors of l?
2, 3, 7
Let z(d) = d**3 - 1. Let x be z(1). Suppose x = -5*y + y + 136. What are the prime factors of y?
2, 17
Let f(m) = -m**3 + 21*m**2 - 20*m + 24. What are the prime factors of f(20)?
2, 3
Let n(p) = 30*p**2 - p + 4. Let l(j) = -61*j**2 + j - 9. Let h(c) = 2*l(c) + 5*n(c). List the prime factors of h(1).
3
Suppose 2*p = -10 + 2. List the prime factors of 8/p + (-14)/(-2).
5
Let y(s) = s**2 - 2*s - 4. Let b be y(3). List the prime factors of 100/4 + 3*b.
2, 11
Suppose -d = -1 - 1. Let q be 5 + -3*d/3. Let t(y) = 6*y. List the prime factors of t(q).
2, 3
What are the prime factors of (-530)/(-7) - 28/(-98)?
2, 19
Let u = -22 - -36. What are the prime factors of u?
2, 7
Let s(q) = -q**3 + 2*q**2 - q. Let d be s(2). Suppose 0 = 3*r - 3, -3*c + 4 = 5*r - 22. Let n = d + c. What are the prime factors of n?
5
What are the prime factors of (-10)/12*-3*(-174)/(-15)?
29
Let g = -48 + 78. Suppose -l + g = -6. What are the prime factors of l?
2, 3
Let s(k) = k**2 + 11*k + 14. Let r be s(-10). Suppose 0 = -a + r + 50. What are the prime factors of a?
2, 3
Let q(k) = 4*k - 2. Let u be q(3). Let i be -2 + 5 + (-5 - -3). Suppose -i + u = r. What are the prime factors of r?
3
Let w(t) = 5 + t - t**3 - 6*t - 6*t**2 + 5*t. What are the prime factors of w(-6)?
5
Suppose -6*n + 242 = -214. What are the prime factors of n?
2, 19
Suppose -15 = 3*q, q + 97 - 7 = 5*w. Suppose 0*p - p = -w. What are the prime factors of p?
17
Suppose 3 = j - 2. Suppose -4*m - j*o = -150, 0*o - 166 = -4*m + 3*o. Suppose 0 = -4*v + 12 + m. List the prime factors of v.
13
Suppose 0*i = 2*i. Suppose 4*d - 18 = -3*y, -y = -d - 0*d + 1. Suppose 0 = -5*g + a + 6, -3*g - y*g - 5*a + 30 = i. List the prime factors of g.
2
Let q = -13 + 50. List the prime factors of q.
37
Let x(m) = m**2 - m + 4. What are the prime factors of x(2)?
2, 3
Let k = 43 + 36. List the prime factors of k.
79
Suppose 0*t + 10 = -2*t, 3*m = -3*t - 6. List the prime factors of (-1)/(m/(-30) + 0).
2, 5
Let m(s) = 4*s - 12. Suppose 0 = 2*u + 6 + 18. Let c be m(u). What are the prime factors of c/4*(-2)/5?
2, 3
Let u = -16 + -19. Let v = -16 - u. What are the prime factors of v?
19
Let q(k) = 15*k**2 - 1. Let h be q(-1). Suppose -2 + 12 = 2*g. Suppose 2*f - h = -g*o, 5*f - 2*f = -3*o + 12. List the prime factors of o.
2
Let y(f) be the first derivative of 1/4*f**4 - 2*f + 1 + 3/2*f**2 - 5/3*f**3. List the prime factors of y(5).
13
List the prime factors of (-6 + 2 - -7) + 32.
5, 7
Let b = 7 + -6. Suppose 20 = 5*p + a, 0 = p + p - a - b. Let n(q) = 4*q + 2. What are the prime factors of n(p)?
2, 7
Suppose -5*p + 149 = -4*u, 4*u + 87 = 4*p - 33. List the prime factors of p.
29
Suppose -35 = -5*a + 4*a - 4*v, 0 = -a - 5*v + 36. List the prime factors of a.
31
What are the prime factors of 6/((2/(-11))/(-2))?
2, 3, 11
Let l(d) be the third derivative of -d**4/12 + d**3 + 3*d**2. What are the prime factors of l(-12)?
2, 3, 5
Suppose -5*m - 18 = -b, 4*m = -3*b + m. Let f(a) = a**3 + 4 + 0*a**b - 6*a + 0*a - 6*a**2. List the prime factors of f(7).
11
Suppose 10*w = 7*w + 57. Let r = -12 + w. What are the prime factors of r?
7
Suppose 34 = -4*i - 2*v + 7*v, 3*v = 5*i + 36. Let h = i - -12. Suppose 4*c - h = 2. What are the prime factors of c?
2
Let i = 12 + -9. Suppose i*m = m + 150. Suppose 4*r = 5 + m. What are the prime factors of r?
2, 5
Let k(o) = -2*o**2 - 5*o - 3*o**3 - 3 + o + 4*o**3. Let m be k(-2). What are the prime factors of m/(-2) - 2/(-4)?
2, 3
Let k = 63 + -109. What are the prime factors of k/(-6) + (-4)/6?
7
Suppose 2*r - 137 - 11 = 0. Suppose -3*k + 18 = -4*j + r, 5*j - 51 = -k. What are the prime factors of j?
11
Suppose -5*p - g = -1111, -4*p = -p + 2*g - 668. List the prime factors of p.
2, 3, 37
Suppose 0 = -4*a - 5*h, -2*a + 1 = h - 5. Let k = a - -9. List the prime factors of k.
2, 7
What are the prime factors of 1/(1916/956 - (-2)/(-1))?
239
Let j(d) = 17*d - 1. Let v be j(1). Let h = v + -9. Let c(n) = n**3 - 6*n**2 - 7*n + 5. What are the prime factors of c(h)?
5
Suppose 10 = 7*v - 5*v. Suppose -v*k - 7 = 18, 4*k = -4*d + 88. What are the prime factors 